f 117152?
True
Is 8 a factor of 2024?
True
Is 1260923 a multiple of 4?
False
Is 6 a factor of 394230?
True
Does 5 divide 5227786?
False
Is 674 a factor of 974604?
True
Is 612456 a multiple of 24?
True
Is 202 a factor of 420968?
True
Is 53 a factor of 854701?
False
Does 680 divide 4272440?
True
Does 46 divide 15957976?
False
Is 45 a factor of 6885?
True
Does 44 divide 73148?
False
Is 229 a factor of 6380856?
True
Is 13 a factor of 3362455?
False
Is 33 a factor of 107828?
False
Does 1412 divide 3289960?
True
Does 59 divide 7265850?
True
Is 234 a factor of 640817?
False
Is 11 a factor of 142937?
False
Is 669504 a multiple of 24?
True
Does 496 divide 49600?
True
Is 46182 a multiple of 205?
False
Is 217998 a multiple of 27?
True
Is 511 a factor of 2587704?
True
Is 3 a factor of 671827?
False
Does 70 divide 3329550?
True
Does 3 divide 48716?
False
Is 869271 a multiple of 719?
True
Is 106 a factor of 844893?
False
Is 195660 a multiple of 6?
True
Is 139265 a multiple of 35?
True
Is 37333 a multiple of 6?
False
Is 43 a factor of 3470361?
False
Is 42 a factor of 12684?
True
Is 28387 a multiple of 31?
False
Is 146 a factor of 565604?
True
Does 321 divide 8653839?
True
Is 127 a factor of 2869471?
False
Does 9 divide 453639?
False
Is 6 a factor of 21043?
False
Is 10 a factor of 303292?
False
Is 532 a factor of 5018356?
True
Is 63 a factor of 2652658?
False
Is 28464 a multiple of 16?
True
Is 179693 a multiple of 58?
False
Is 122515 a multiple of 229?
True
Is 85346 a multiple of 19?
False
Is 76 a factor of 455196?
False
Does 23 divide 6987850?
False
Is 1619618 a multiple of 237?
False
Is 254408 a multiple of 77?
True
Does 12 divide 15156?
True
Does 252 divide 47880?
True
Does 9 divide 55746?
True
Is 1998110 a multiple of 77?
False
Does 19 divide 653201?
True
Does 7 divide 426831?
False
Does 29 divide 2905876?
False
Is 21 a factor of 266095?
False
Is 1915 a multiple of 73?
False
Is 175 a factor of 76763?
False
Is 51680 a multiple of 400?
False
Does 168 divide 2649026?
False
Is 305 a factor of 484645?
True
Is 3324594 a multiple of 26?
True
Is 80 a factor of 1434535?
False
Does 20 divide 1061240?
True
Is 2611628 a multiple of 97?
True
Is 55 a factor of 962005?
True
Is 18 a factor of 773695?
False
Is 188967 a multiple of 5?
False
Is 43470 a multiple of 69?
True
Is 59 a factor of 379488?
True
Is 1074 a multiple of 3?
True
Is 26 a factor of 10948106?
True
Is 102492 a multiple of 73?
True
Does 156 divide 1278548?
False
Is 170 a factor of 383692?
False
Is 915 a factor of 4699354?
False
Does 240 divide 173040?
True
Is 21 a factor of 189945?
True
Is 3 a factor of 321924?
True
Is 18 a factor of 87318?
True
Is 201493 a multiple of 244?
False
Is 14 a factor of 663376?
True
Is 8 a factor of 181617?
False
Is 36 a factor of 197208?
True
Does 36 divide 1175388?
False
Is 8153517 a multiple of 87?
False
Is 304 a factor of 111390?
False
Does 43 divide 848322?
False
Is 24300 a multiple of 81?
True
Is 356 a factor of 129799?
False
Is 370277 a multiple of 17?
True
Does 141 divide 18732?
False
Is 953348 a multiple of 221?
False
Does 101 divide 447329?
True
Does 3 divide 5770472?
False
Is 219313 a multiple of 35?
False
Is 112 a factor of 2208752?
True
Is 24 a factor of 743178?
False
Is 284 a factor of 755543?
False
Does 88 divide 56677?
False
Is 42 a factor of 13979?
False
Is 276489 a multiple of 30?
False
Is 505 a factor of 2882540?
True
Is 14474200 a multiple of 520?
True
Is 1260779 a multiple of 331?
True
Is 18 a factor of 5136858?
True
Is 18987 a multiple of 37?
False
Does 27 divide 7141?
False
Is 64 a factor of 54564?
False
Is 64 a factor of 1020288?
True
Does 10 divide 4220?
True
Is 2398220 a multiple of 605?
True
Is 81 a factor of 8508818?
False
Does 138 divide 4944767?
False
Is 949 a factor of 2680925?
True
Is 52 a factor of 102752?
True
Is 535 a factor of 4319415?
False
Does 44 divide 4374128?
True
Is 30 a factor of 129060?
True
Does 8 divide 8261672?
True
Is 17 a factor of 121062?
False
Does 91 divide 319444?
False
Is 231320 a multiple of 283?
False
Does 96 divide 78586?
False
Does 14 divide 103763?
False
Does 178 divide 11526945?
False
Is 14 a factor of 9651317?
False
Is 90995 a multiple of 19?
False
Does 68 divide 94724?
True
Does 38 divide 2050079?
False
Does 22 divide 146843?
False
Does 31 divide 459203?
True
Does 9 divide 2227885?
False
Is 116778 even?
True
Is 73 a factor of 4052084?
True
Is 298 a factor of 2442271?
False
Is 833185 a multiple of 12?
False
Is 194 a factor of 2154014?
False
Is 255216 a multiple of 193?
False
Does 5 divide 116525?
True
Is 15831410 a multiple of 12?
False
Is 4256345 a multiple of 991?
True
Is 4 a factor of 17466?
False
Is 3 a factor of 33751?
False
Does 62 divide 17794?
True
Does 1934 divide 10977537?
False
Does 16 divide 25792?
True
Does 6 divide 21861?
False
Is 14 a factor of 2497423?
False
Does 176 divide 216656?
True
Is 1787616 a multiple of 96?
True
Does 91 divide 9557184?
True
Is 25 a factor of 18125?
True
Does 14 divide 908124?
True
Does 30 divide 2845689?
False
Is 332027 a multiple of 17?
True
Is 151 a factor of 79886?
False
Does 7 divide 605303?
False
Is 19666920 a multiple of 12?
True
Is 8 a factor of 6525440?
True
Is 504504 a multiple of 231?
True
Is 254 a factor of 2809494?
True
Is 2 a factor of 1465144?
True
Is 37 a factor of 716300?
False
Is 86 a factor of 558054?
True
Is 30 a factor of 9719?
False
Is 71 a factor of 1155398?
False
Does 6 divide 70409?
False
Is 441 a factor of 7920010?
False
Is 639618 a multiple of 489?
False
Is 328 a factor of 10460576?
True
Is 98294 a multiple of 17?
True
Does 13 divide 47223?
False
Is 230485 a multiple of 5?
True
Is 15 a factor of 109681?
False
Is 809 a factor of 605132?
True
Is 6602283 a multiple of 27?
True
Is 198 a factor of 188550?
False
Is 3876301 a multiple of 302?
False
Does 8 divide 163245?
False
Is 62 a factor of 1080598?
True
Does 43 divide 14647078?
False
Is 4652744 even?
True
Does 9 divide 1209114?
True
Is 12 a factor of 5917747?
False
Does 4 divide 745943?
False
Is 547 a factor of 478078?
True
Is 32 a factor of 6420544?
True
Is 7 a factor of 914837?
True
Does 296 divide 132469?
False
Is 1353653 a multiple of 110?
False
Is 623 a factor of 669998?
False
Is 3 a factor of 18748?
False
Does 33 divide 66946?
False
Is 24776405 a multiple of 824?
False
Is 7818328 a multiple of 28?
True
Is 284050 a multiple of 38?
True
Does 40 divide 3130600?
True
Does 395 divide 40685?
True
Does 204 divide 102000?
True
Does 21 divide 161407?
False
Is 316681 a multiple of 10?
False
Does 126 divide 676242?
True
Is 94 a factor of 308836?
False
Does 140 divide 204235?
False
Is 289 a factor of 1807984?
True
Is 35 a factor of 2589195?
True
Is 95 a factor of 4162?
False
Does 10 divide 2769195?
False
Does 103 divide 1864161?
False
Is 1267043 a multiple of 26?
False
Is 2065323 a multiple of 39?
True
Is 16052 a multiple of 3?
False
Is 81784 a multiple of 24?
False
Does 72 divide 458824?
False
Is 5 a factor of 540780?
True
Does 823 divide 1878086?
True
Is 90 a factor of 342093?
False
Is 2362957 a multiple of 92?
False
Is 412 a factor of 1010636?
True
Is 805765 a multiple of 29?
True
Does 8 divide 576612?
False
Does 147 divide 3014742?
False
Is 7516247 a multiple of 15?
False
Is 149031 a multiple of 4?
False
Does 237 divide 534901?
False
Is 20 a factor of 1450900?
True
Does 1045 divide 7584610?
True
Is 111 a factor of 517438?
False
Is 2795238 a multiple of 9?
True
Is 276500 a multiple of 14?
True
Does 75 divide 1007240?
False
Is 652816 a multiple of 35?
False
Is 55768 a multiple of 8?
True
Is 26 a factor of 1656538?
True
Is 88241 a multiple of 103?
False
Is 12 a factor of 67110?
False
Is 32453 a multiple of 23?
True
Is 27 a factor of 10655982?
True
Is 169377 a multiple of 39?
True
Is 71 a factor of 446164?
True
Is 111213 a multiple of 4?
False
Is 82503 a multiple of 103?
True
Does 196 divide 23716?
True
Is 7 a factor of 177462?
False
Does 9 divide 148135?
False
Does 16 divide 33872?
True
Does 154 divide 12782?
True
Is 2257654 a multiple of 171?
False
Is 3023120 a multiple of 1840?
True
Is 212 a factor of 404663?
False
Does 17 divide 5108940?
False
Does 101 divide 3202003?
True
Is 103730 a multiple of 68?
False
Is 1031951 a multiple of 478?
False
Is 14 a factor of 1559838?
True
Is 4 a factor of 3348?
True
Doe